
In base 9, what is 181 + 26?
217
In base 16, what is 302 - 0?
302
In base 7, what is -23 - 26?
-52
In base 13, what is -7c + 1?
-7b
In base 4, what is -1 + -32?
-33
In base 9, what is -3 - 10850?
-10853
In base 14, what is -1b + -96?
-b3
In base 9, what is 500 + 3?
503
In base 8, what is 1066 - -12?
1100
In base 6, what is 11033 + 1?
11034
In base 12, what is 4 - 124?
-120
In base 4, what is -22 - -13223?
13201
In base 14, what is -7 - 5?
-c
In base 9, what is 215 - 5?
210
In base 12, what is -5a - 4?
-62
In base 13, what is a7 + 2?
a9
In base 9, what is -1034 - 0?
-1034
In base 8, what is 1564 - 6?
1556
In base 16, what is 4 + d14?
d18
In base 11, what is -4 + -23?
-27
In base 6, what is -11 - 14553?
-15004
In base 5, what is -11303 - -2?
-11301
In base 13, what is -7 - -1c4?
1ba
In base 13, what is -15 - -b1?
99
In base 3, what is -22 + -220?
-1012
In base 15, what is 9b - 4?
97
In base 7, what is 6 - 15?
-6
In base 11, what is -3 - 2797?
-279a
In base 2, what is -101 - -1101110110?
1101110001
In base 2, what is -111101001111 + 101?
-111101001010
In base 10, what is -4 - -7424?
7420
In base 13, what is -3 + 13?
10
In base 4, what is 3023 - 10?
3013
In base 9, what is 226 + -2?
224
In base 16, what is -35 + -47?
-7c
In base 2, what is 111010 - 11111?
11011
In base 10, what is -1866 + 5?
-1861
In base 12, what is -177 + 1?
-176
In base 9, what is 53 - 42?
11
In base 3, what is 0 - 111?
-111
In base 9, what is 123 - -10?
133
In base 6, what is 4 + -2430?
-2422
In base 6, what is 1 - -122?
123
In base 8, what is -1 - -2744?
2743
In base 10, what is 5 - 32?
-27
In base 16, what is 1 + 327?
328
In base 7, what is -40 + -1?
-41
In base 8, what is -1 - 36?
-37
In base 7, what is -21 - -343?
322
In base 3, what is 1022021 - -1?
1022022
In base 11, what is 5 + 61?
66
In base 10, what is 2605 + -9?
2596
In base 3, what is 101021 + 1?
101022
In base 10, what is -97 - 6?
-103
In base 13, what is -a + -141?
-14b
In base 2, what is 11 - 100011?
-100000
In base 8, what is -347 + -15?
-364
In base 4, what is 13331 - -2?
13333
In base 14, what is -1c - -3?
-19
In base 14, what is 6d + -4?
69
In base 11, what is -2 + a5?
a3
In base 6, what is 114 + 1?
115
In base 3, what is -100022 - -12?
-100010
In base 6, what is -11 + 120?
105
In base 13, what is 4 + 4236?
423a
In base 15, what is -e + 326?
317
In base 11, what is -2 - 5a?
-61
In base 14, what is b4 + 4?
b8
In base 15, what is -31 - 7?
-38
In base 8, what is -2 + -1272?
-1274
In base 8, what is 535 - -3?
540
In base 8, what is 0 - -467?
467
In base 2, what is -101110001 - 11111?
-110010000
In base 6, what is 11 + -41?
-30
In base 5, what is 4 + -342?
-333
In base 8, what is -2 + 64?
62
In base 16, what is 2 + 0?
2
In base 14, what is -5 + -2?
-7
In base 13, what is 1c + -7?
15
In base 7, what is -2321 + 1?
-2320
In base 5, what is 1 + -212?
-211
In base 11, what is -462 - 3?
-465
In base 10, what is 817 + 12?
829
In base 2, what is -100101 - 111000100?
-111101001
In base 9, what is 14 + 13?
27
In base 2, what is 11 + -111101?
-111010
In base 13, what is -c274 + -1?
-c275
In base 3, what is 1012020002 + 2?
1012020011
In base 4, what is -11 - -1222?
1211
In base 4, what is 12 - 13313?
-13301
In base 15, what is 23 + -1bc?
-199
In base 8, what is 5 + 17433?
17440
In base 15, what is 10 - 4?
b
In base 16, what is 9 + -f?
-6
In base 4, what is -110 + 122?
12
In base 15, what is 4 - -3a?
3e
In base 2, what is -10 - 1000000?
-1000010
In base 2, what is 101 - 100100110?
-100100001
In base 3, what is -1212100 + 200?
-1211200
In base 16, what is -17 - 0?
-17
In base 7, what is -16062 - 0?
-16062
In base 16, what is -4 - 4f?
-53
In base 3, what is -12 + 112?
100
In base 12, what is 7 - 167b?
-1674
In base 4, what is 10 - 120120?
-120110
In base 5, what is -3 - -2344?
2341
In base 14, what is 1bb + 0?
1bb
In base 7, what is 201 + 3?
204
In base 3, what is 0 - -11121?
11121
In base 11, what is -2 - -12?
10
In base 4, what is -13 - 0?
-13
In base 5, what is -1 + 0?
-1
In base 15, what is 1873 + 4?
1877
In base 10, what is -79 + 3?
-76
In base 8, what is 5 + -730?
-723
In base 15, what is 18 + -5b?
-43
In base 2, what is 1011 - 1100111?
-1011100
In base 16, what is 20 + d?
2d
In base 4, what is -120130 - -11?
-120113
In base 12, what is 5 + -6b0?
-6a7
In base 13, what is 2 + 147?
149
In base 6, what is 5510 - -3?
5513
In base 3, what is -102122 - -2?
-102120
In base 3, what is 10 + -1202?
-1122
In base 3, what is 202 + 2000?
2202
In base 7, what is 12400 + 5?
12405
In base 2, what is 10111 - 1?
10110
In base 7, what is 36 - -3?
42
In base 7, what is 5 - 130?
-122
In base 3, what is -1022 + -111121?
-112220
In base 12, what is a + 1395?
13a3
In base 2, what is 101011100 - 10?
101011010
In base 11, what is 16504 - 2?
16502
In base 2, what is 11011 + -1101?
1110
In base 5, what is -103 + -13?
-121
In base 9, what is 116 - 63?
43
In base 12, what is -8 - a?
-16
In base 9, what is 1 - 7214?
-7213
In base 13, what is -4 + -9?
-10
In base 4, what is 10313 + 11?
10330
In base 2, what is -11101110 + 100?
-11101010
In base 7, what is 2300 + -12?
2255
In base 7, what is -1 + 6663?
6662
In base 6, what is -232 - 2?
-234
In base 7, what is 35 - 365?
-330
In base 2, what is 11110 - 1011?
10011
In base 15, what is -2 - 11?
-13
In base 3, what is -20012 + -10?
-20022
In base 7, what is -20315 - -12?
-20303
In base 14, what is 3 - -a3?
a6
In base 11, what is 4 - 27?
-23
In base 6, what is -3 - 302?
-305
In base 11, what is 1 + 59a?
5a0
In base 15, what is -35d0 - -1?
-35ce
In base 4, what is -103322 + -1?
-103323
In base 14, what is 4aa - -c?
4b8
In base 13, what is -141 + -5?
-146
In base 3, what is -102 + -1122?
-2001
In base 13, what is -b6 + -15?
-cb
In base 3, what is 120 - 202?
-12
In base 14, what is 221 + -10?
211
In base 3, what is 100012002 - 12?
100011220
In base 4, what is -2 - -11?
3
In base 4, what is 1 + 101232?
101233
In base 10, what is 30 + -30?
0
In base 5, what is 4 - -1330?
1334
In base 12, what is 237 - -5?
240
In base 6, what is -145 + 12?
-133
In base 5, what is 11 - 2032?
-2021
In base 7, what is -62 - 23?
-115
In base 5, what is -322441 - -2?
-322434
In base 16, what is 15 + f?
24
In base 9, what is -15 + -8?
-24
In base 7, what is -5 - -152?
144
In base 4, what is 3 - 313?
-310
In base 13, what is 4 + -8?
-4
In base 12, what is -31 + 12b?
ba
In base 14, what is 1c + -a?
12
In base 14, what is 228 - -5?
22d
In base 13, what is 386 - 2?
384
In base 3, what is 120 - -1101211?
1102101
In base 6, what is 25 + -153?
-124
In base 5, what is -1442 - -2?
-1440
In base 6, what is 3 - 151?
-144
In base 3, what is -2 - 1110?
-1112
In base 7, what is -23 - -4463?
4440
In base 13, what is 2 - -380?
382
In base 6, what is 4 - 242?
-234
In base 11, what is 65 + a9?
163
In base 2, what is 10001000 - -100?
10001100
In base 14, what is -1 - c26?
-c27
In base 2, what is -100000000000 + 10?
-11111111110
In base 13, what is -340 + -1?
-341
In base 14, what is 5dd + 8?
607
In base 3, what is -10111101 - 2?
-10111110
In base 12, what is 4 + -219?
-215
In base 11, what is -201 + 5?
-1a7
In base 9, what is -4185 + -5?
-4201
In base 6, what is 1053 - 13?
1040
In base 13, what is -4 - 8?
-c
In base 16, what is 2c2 - -5?
2c7
In base 5, what is -2 - -1333?
1331
In base 3, what is 11 - 2120?
-2102
In base 11, what is -4 + 540?
537
In base 10, what is 5 + -1?
4
In base 2, what is -101 + -1001001001011?
-1001001010000
In base 10, what is -7 + 30?
23
In base 13, what is -1 + 0?
-1
In base 15, what is -71 + 3?
-6d
In base 12, what is -1159 + 5?
-1154
In base 14, what is 389 + 1?
38a
In base 2, what is -11 - -101100010001?
101100001110
In base 14, what is -17 + -3b?
-54
In base 8, what is 30 - -553?
603
In base 13, what is b - 174?
-166
In base 10, what is -7 - 55?
-62
In base 9, what is -8 - 683?
-702
In base 9, what is -27 - -4?
-23
In base 16, what is -2 - -13?
11
In base 9, what is 13 - 3?
10
In base 4, what is 0 - -10320?
10320
In base 6, what is -2 + -100150?
-100152
In base 13, what is 3 - b6?
-b3
In base 2, what is -11 + 101010111?
101010100
In base 5, what is -323 + 100?
-223
In base 13, what is -9 + 9a?
91
In base 15, what is -7 - 433?
-43a
In base 16, what is c - -24?
30
In base 12, what is -25a + -10?
-26a
In base 9, what is 875 